 20 = 4*z. Let b be 40 + z*(-1)/m. Calculate the highest common divisor of b and 4.
4
Let l be 13/(-2)*1026/(-117). What is the highest common factor of l and 1007?
19
Let d = -9 + 14. Suppose -d*x = -152 + 47. Let o(k) = 2*k**2 - 1013*k - 7084. Let z be o(-7). What is the greatest common factor of z and x?
21
Let z(l) = 2*l**2 - 10*l - 12. Let o be z(5). Let c(b) = -b**3 - 12*b**2 + b + 16. Let f be c(o). Let u = -1 + 2. What is the greatest common factor of u and f?
1
Let a = -11 - -35. Let h = -11 + a. Suppose -109*o - 83*o = 111*o - 274*o - 3393. What is the greatest common divisor of h and o?
13
Let z be (-1)/(-4) - 1507/(-4). Let h(u) = 1918*u + 11566. Let n be h(-6). What is the highest common factor of z and n?
29
Let f = 182 - 180. Suppose -f*v = -5*v + 252. Calculate the greatest common factor of v and 60.
12
Suppose 0*u + 4*u = -4*h + 52, -3*h + 47 = 5*u. Let o(d) = -h - 14 + 24 + 23*d. Let v be o(1). Calculate the highest common divisor of v and 96.
24
Suppose 0 = 4*f - 2*q - 0*q - 686, 0 = -2*f - 4*q + 328. Let a = 2567 - 2551. Suppose -f = -a*y + 166. What is the highest common factor of 28 and y?
7
Let p be ((-1880)/80)/((-1)/6). Suppose p = t + 118. What is the greatest common factor of 3 and t?
1
Suppose -3*d - h + 1386 = 0, 117*d - 120*d - 5*h = -1362. Let w(z) = -z**2 + 32. Let b be w(0). What is the greatest common factor of b and d?
16
Let c = 35 - 21. Let w be 2/6*11*(-2 + c). What is the highest common divisor of 253 and w?
11
Suppose -5*r + 1177 - 322 = 0. Let b(o) = -o**3 + 6*o**2 - 2*o + 31. Let h be b(6). What is the highest common factor of r and h?
19
Suppose 85*r + 236 = 4*p + 81*r, 5*p - 313 = -r. Calculate the greatest common factor of 25978 and p.
62
Suppose -5*n - 3*x + x = -3580, 20 = 4*x. What is the greatest common factor of n and 2023?
119
Let k(s) be the first derivative of -6*s**2 + 74*s + 5. Let f be k(4). What is the highest common factor of f and 26?
26
Suppose -6*s + 68 = -58. Let k(w) = -w + 353. Let x be k(80). What is the highest common divisor of x and s?
21
Suppose 15*z - 5959 = n, -185 - 228 = -z + 4*n. Calculate the greatest common factor of 3 and z.
1
Let y be (-3)/(-12) + 117/12. Suppose -2*p + 4 = 2*r, 1110*p - 1113*p + 12 = 2*r. Calculate the greatest common factor of y and p.
2
Suppose -11*r - r + 5388 = 0. Suppose 2*n + 3*n + 4*m + r = 0, 0 = -5*n + 3*m - 442. Let f = 99 + n. What is the greatest common divisor of f and 2?
2
Let x = 52 - -2. Let m(a) = 20*a - 48. Let n be m(3). What is the greatest common divisor of x and n?
6
Let q(o) = o**2 + 2*o + 2. Let w be q(-3). Let k = 263874 + -263872. Calculate the highest common factor of w and k.
1
Let h = -31 - -58. Let o(c) be the second derivative of 19*c**5/20 - c**4/6 + c**3/6 - 11*c. Let a be o(1). What is the greatest common divisor of a and h?
9
Let v be (12/18)/(5/150). Suppose -54900 = 116*f - 161*f. What is the greatest common factor of v and f?
20
Suppose r - 2*r - i + 144 = 0, 3*r - 431 = -2*i. Let u be r/7 + 12/(-28). Calculate the greatest common divisor of 15 and u.
5
Suppose 847 - 11 = -76*j. Let i be (-1)/(-1) - -9 - j. Suppose x = -4*m + 59, -2*m = 5*x - 74 - 239. Calculate the highest common divisor of x and i.
21
Let p(c) = c + 16. Let s = -8 + 23. Let n be p(s). Suppose -234 = -2*o - 5*x - 48, -5*o + 4*x + 465 = 0. What is the greatest common divisor of n and o?
31
Let y = -35 - -59. Suppose -197*d - 38760 = -367*d. Calculate the highest common divisor of y and d.
12
Let n be (48/(-15))/(-4) - (-6 + (-993)/15). Calculate the greatest common divisor of n and 6059.
73
Let c be (-46)/(-4)*(15 + -9). Let b be 6*(-75)/(-2) + 22 + -22. Let n = b + c. Calculate the greatest common factor of n and 42.
42
Suppose 5*l - 3*s + 5*s = 239, -2*l = -3*s - 88. Let b be 3708/46968 - (-28570)/76. What is the highest common factor of l and b?
47
Suppose -96*x + 2871 = -85*x. What is the highest common factor of x and 4176?
261
Let q(g) = -106*g - 4 - 99*g + 5*g**2 + 197*g + g**2. Let r be q(-3). Calculate the greatest common divisor of r and 185.
37
Suppose 99 = -11*j + 18*j + 1. Calculate the greatest common factor of j and 350.
14
Suppose -3*c + 150 = -3*k, 3*k = -3*c + 5*k + 145. Let f = -612 + 621. Suppose -f*n = 487 - 568. Calculate the highest common divisor of n and c.
9
Let q be -146*(0/(-1) + 4*23/(-4)). What is the highest common divisor of q and 460?
46
Let j be (107360/125)/11 - 4/50. What is the greatest common divisor of j and 3783?
39
Let p(n) = n - 13. Let z be p(17). Let a be 3/2*z + -4. Suppose 2*i = -4, a*j + 210 = 5*j + 3*i. What is the greatest common factor of j and 8?
8
Let t(o) = -1070*o + 6442. Let i be t(6). Let n = 2 - 2. Suppose y + 4*y - 880 = n. Calculate the highest common factor of y and i.
22
Let u be (-2 + -8)*(-1)/1. Suppose -3*p + 46 = 37, 3*d + 67548 = -4*p. Let f be d/(-90) - 6/27. Calculate the greatest common divisor of u and f.
10
Let f be (-93291)/(-9) - (-9 + 52/6). What is the greatest common divisor of 146 and f?
146
Suppose 0 = f - 7 + 2. Let m(h) = -7*h - f*h**2 + 9*h + 5 + h**3 + h**3. Let n be m(3). Calculate the greatest common factor of 180 and n.
20
Let z be (348/16)/(-5 - (-1501)/300). Suppose 9*k - z = -16*k. What is the highest common factor of k and 18?
9
Let l be -33*8/(-12) + -4 - 4. Suppose l*m - 80 - 704 = 0. What is the greatest common divisor of 84 and m?
28
Let c = 1150 - 440. Suppose c = 8*p - 410. Suppose d + l = -d + 307, -d + 4*l + p = 0. Calculate the highest common divisor of 19 and d.
19
Let c be 10 + -1 + 89/((-2581)/(-8062)). Calculate the highest common factor of 369 and c.
41
Suppose -41*w + 38*w - 4*s + 842 = 0, 0 = -2*w + s + 565. Calculate the highest common factor of w and 376.
94
Let t = -545 + 753. Suppose 39*q - t = 31*q. Let w be (0 + -2 - 0)*-143. Calculate the highest common factor of q and w.
26
Let f = 10538 - 10460. What is the highest common factor of f and 93?
3
Suppose 5*g - 5 - 215 = 0. Suppose -p + 997*l + 104 = 999*l, 0 = p + 3*l - 112. What is the greatest common divisor of g and p?
44
Let j = 207 - 135. Let m be ((-42)/18)/((-3)/j). What is the greatest common factor of m and 128?
8
Let s be (-917 + 0)*(11 - 720/63) - -3. Calculate the greatest common divisor of 4 and s.
4
Let a = 15362 - 15315. What is the greatest common divisor of a and 9494?
47
Suppose 0 = -h - 0*f - 2*f + 5, 5*h - 5*f = 25. Suppose 3*z + 10*u - 275 = 12*u, 2*u = -5*z + 485. Calculate the highest common factor of h and z.
5
Let b(f) = 129*f + 5589. Let a be b(-43). Calculate the highest common divisor of a and 7238.
14
Let q = 83 - 79. Suppose 14*r = -q*r + 270. Calculate the greatest common factor of r and 735.
15
Let l = -8855 + 8872. Let a(f) = 6*f**2 - 3*f + 1. Let w(n) = n + 9. Let v be w(-5). Let i be a(v). What is the greatest common factor of l and i?
17
Let a be ((-2)/4)/((136/80)/(-17)). Suppose -a*i = -27*i + 220. Calculate the greatest common divisor of i and 10.
10
Let y = -3728 - -3785. What is the highest common factor of y and 10260?
57
Let z = -875 + 1867. Calculate the greatest common divisor of z and 93.
31
Let o(k) = k**2 + 22*k + 184. Let g be o(-10). Suppose 11*w + 5*w = g. What is the greatest common factor of 36 and w?
4
Let f be ((-464)/24)/(6/(-9)). Suppose -37 = -4*w - 3*g + f, w - 24 = 3*g. Calculate the greatest common factor of 24 and w.
6
Let i = 8248 - 8218. What is the highest common divisor of 1290 and i?
30
Suppose 0 = 108*g - 104*g - 4*u - 3276, -4*u = -g + 834. Calculate the highest common factor of 66 and g.
22
Let j be 64/((-3)/5 - -1). Let q be 60/(-50)*(-2)/(8/110). Let s be 3*-2 + (q - (-1 - -8)). What is the highest common divisor of s and j?
20
Let x(t) = -t**3 - 15*t**2 - 19*t - 14. Let c be x(-16). Suppose 0 = 2*f - 4*o - c, 0*f - 2*f + o = -549. Calculate the highest common divisor of f and 50.
25
Let p = 5983 - 5854. What is the greatest common factor of p and 27?
3
Let p(n) = -82*n - 2. Suppose -4 - 1 = -3*z - 4*y, y - 3 = z. Let t be p(z). Let k = 141 - 131. What is the highest common divisor of t and k?
10
Let w = 5981 + -5899. What is the highest common divisor of 6068 and w?
82
Let n be -18 + (5 + 26)*2. Let u = -75 + 229. Calculate the highest common factor of u and n.
22
Let b be (-258)/(-2) - ((11 - 24) + 7). What i